te?
True
Is 63113 a composite number?
False
Is 224969 prime?
True
Is 4127 a prime number?
True
Is 7318 a prime number?
False
Is 130589 a composite number?
False
Is 748003 prime?
True
Is 35507 prime?
True
Is 626113 a composite number?
False
Is 1639601 prime?
False
Is 261619 a composite number?
False
Is 272177 prime?
False
Is 11537 a prime number?
False
Is 231697 a composite number?
True
Is 325513 prime?
True
Is 6979 a composite number?
True
Is 7807 composite?
True
Is 46423 a prime number?
False
Is 139889 composite?
True
Is 46234 composite?
True
Is 89 a prime number?
True
Is 214367 prime?
False
Is 156019 a composite number?
False
Is 169483 composite?
False
Is 1049989 prime?
False
Is 64867 a composite number?
True
Is 9953 composite?
True
Is 820033 a composite number?
True
Is 45791 a composite number?
True
Is 59861 composite?
True
Is 2458603 a composite number?
True
Is 56167 prime?
True
Is 76119 a prime number?
False
Is 187631 a prime number?
True
Is 2304371 a prime number?
False
Is 4909 prime?
True
Is 14489 composite?
False
Is 56765 prime?
False
Is 90889 a composite number?
True
Is 1543 a composite number?
False
Is 569362 prime?
False
Is 109097 composite?
False
Is 76597 a composite number?
False
Is 1931 composite?
False
Is 14855 prime?
False
Is 2153 a prime number?
True
Is 29581 a prime number?
True
Is 7981 a composite number?
True
Is 305887 prime?
False
Is 2138 a composite number?
True
Is 3989 a prime number?
True
Is 20639 a composite number?
False
Is 34901 prime?
False
Is 1339813 a composite number?
False
Is 40009 a prime number?
True
Is 5223 a prime number?
False
Is 419 composite?
False
Is 19606 prime?
False
Is 7993 composite?
False
Is 16322 prime?
False
Is 2159 a prime number?
False
Is 1811 prime?
True
Is 889 prime?
False
Is 7141 a composite number?
True
Is 18899 a prime number?
True
Is 31007 a prime number?
False
Is 17657 prime?
True
Is 22107 a composite number?
True
Is 10973 a prime number?
True
Is 485311 prime?
True
Is 92329 a prime number?
False
Is 2426 prime?
False
Is 30367 prime?
True
Is 2483 a prime number?
False
Is 19373 a prime number?
True
Is 15451 a composite number?
False
Is 317567 a composite number?
True
Is 22373 prime?
False
Is 49129 a composite number?
True
Is 8267 prime?
False
Is 776429 prime?
True
Is 123406 a prime number?
False
Is 7151 a prime number?
True
Is 493531 a prime number?
True
Is 772933 composite?
True
Is 1399 a prime number?
True
Is 3719 prime?
True
Is 31979 a composite number?
True
Is 121661 composite?
False
Is 9301 a composite number?
True
Is 10061 a prime number?
True
Is 7283 a composite number?
False
Is 760079 prime?
True
Is 141529 a composite number?
False
Is 291691 prime?
True
Is 93865 composite?
True
Is 844937 composite?
True
Is 143867 composite?
True
Is 1799 a prime number?
False
Is 4562 prime?
False
Is 20563 composite?
False
Is 54037 a prime number?
True
Is 123677 a composite number?
False
Is 2244689 a composite number?
False
Is 40701 a composite number?
True
Is 496609 composite?
False
Is 121843 a prime number?
True
Is 4987 composite?
False
Is 85297 prime?
True
Is 7342 a composite number?
True
Is 105935 a composite number?
True
Is 202889 composite?
False
Is 3259 composite?
False
Is 106447 composite?
True
Is 56747 prime?
True
Is 444401 prime?
True
Is 25057 a prime number?
True
Is 4034 prime?
False
Is 60833 a composite number?
True
Is 242509 composite?
False
Is 99761 prime?
True
Is 30143 composite?
True
Is 29433 a composite number?
True
Is 143137 composite?
False
Is 4337 a composite number?
False
Is 52517 a prime number?
True
Is 251767 a prime number?
False
Is 141131 a composite number?
False
Is 11249 a prime number?
False
Is 12763 a prime number?
True
Is 52511 a composite number?
False
Is 6041 composite?
True
Is 131045 prime?
False
Is 50117 a prime number?
False
Is 9031 a composite number?
True
Is 21233 a composite number?
True
Is 5981 a composite number?
False
Is 192929 composite?
True
Is 413227 a composite number?
True
Is 53401 prime?
True
Is 62938 composite?
True
Is 260557 a prime number?
False
Is 1657 composite?
False
Is 32959 composite?
True
Is 57721 a prime number?
False
Is 60077 prime?
True
Is 29177 a prime number?
False
Is 219187 composite?
False
Is 47643 prime?
False
Is 103643 composite?
False
Is 100117 a composite number?
True
Is 27163 a prime number?
False
Is 14969 a prime number?
True
Is 4843 a prime number?
False
Is 8753 composite?
False
Is 1489841 a composite number?
False
Is 15955 composite?
True
Is 78259 a composite number?
False
Is 407243 prime?
False
Is 311074 a composite number?
True
Is 2534815 prime?
False
Is 23431 a composite number?
False
Is 40241 a composite number?
False
Is 503 a composite number?
False
Is 14959 a prime number?
False
Is 2721 composite?
True
Is 120041 a composite number?
False
Is 8263 a prime number?
True
Is 801763 prime?
False
Is 40693 composite?
False
Is 155921 a composite number?
False
Is 974 composite?
True
Is 145 prime?
False
Is 769207 prime?
True
Is 9643 composite?
False
Is 6801 composite?
True
Is 88762 prime?
False
Is 4619 composite?
True
Is 22343 a composite number?
False
Is 742299 a prime number?
False
Is 57457 composite?
False
Is 28901 prime?
True
Is 10483 composite?
True
Is 3883 composite?
True
Is 214945 prime?
False
Is 2477 a prime number?
True
Is 167111 a prime number?
False
Is 786547 composite?
False
Is 977 a composite number?
False
Is 70073 a prime number?
False
Is 642673 a composite number?
False
Is 685591 prime?
True
Is 461407 a composite number?
False
Is 157037 a composite number?
False
Is 1098953 composite?
False
Is 34027 a prime number?
False
Is 570913 composite?
True
Is 247183 a composite number?
False
Is 5455 a prime number?
False
Is 50219 composite?
True
Is 135701 a composite number?
False
Is 465581 prime?
True
Is 89458 a composite number?
True
Is 122657 a composite number?
True
Is 5433 composite?
True
Is 2772057 prime?
False
Is 32909 a composite number?
False
Is 36145 prime?
False
Is 874457 composite?
False
Is 2179 a prime number?
True
Is 305731 a prime number?
False
Is 353359 a prime number?
True
Is 24527 prime?
True
Is 35879 a prime number?
True
Is 185413 a prime number?
False
Is 5257 a composite number?
True
Is 214351 composite?
False
Is 349463 a composite number?
True
Is 15359 a prime number?
True
Is 18398 a composite number?
True
Is 328961 composite?
False
Is 11405 a composite number?
True
Is 289 a prime number?
False
Is 73897 composite?
False
Is 3309881 a prime number?
False
Is 80222 prime?
False
Is 4829 composite?
True
Is 974687 a composite number?
True
Is 24121 prime?
True
Is 561277 composite?
False
Is 21787 prime?
True
Is 242399 a composite number?
False
Is 48847 prime?
True
Is 59089 a prime number?
False
Is 425849 a prime number?
False
Is 45817 prime?
True
Is 1059479 a composite number?
False
Is 593935 a prime number?
False
Is 245393 prime?
False
Is 238387 a composite number?
True
Is 35813 a prime number?
False
Is 194641 a composite number?
True
Is 8059 composite?
False
Is 5633 composite?
True
Is 4387663 a composite number?
True
Is 506653 a composite number?
True
Is 17049 composite?
True
Is 182177 prime?
True
Is 8633 a composite number?
True
Is 587 a prime number?
True
Is 417683 prime?
False
Is 906863 a composite number?
True
Is 10487 prime?
True
Is 96797 composite?
False
Is 26661 composite?
True
Is 136199 a composite number?
True
Is 150427 a prime number?
True
Is 23249 a composite number?
True
Is 472403 a prime number?
False
Is 9767 composite?
False
Is 260527 composite?
False
Is 35041 prime?
False
Is 56247 composite?
True
Is 1991 composite?
True
Is 12589 composite?
False
Is 71119 composite?
False
Is 52051 a prime number?
True
Is 81431 prime?
False
Is 17863 prime?
True
Is 7073 prime?
False
Is 218 composite?
True
Is 468857 a prime number?
False
Is 3881 composite?
False
Is 17861 a composite number?
True
Is 129511 a prime number?
False
Is 8641 a prime number?
True
Is 193399 prime?
False
Is 35729 a composite number?
False
Is 402691 prime?
True
Is 123965 prime?
False
Is 23789 a prime number?
True
Is 31307 composite?
False
Is 8567 a prime number?
False
Is 19829 a prime number?
False
Is 140873 composite?
True
Is 96791 a prime number?
False
Is 46 a composite number?
True
Is 11351 prime?
True
Is 113189 a prime number?
True
Is 3277 a com